{"id":4413,"date":"2026-01-26T09:59:13","date_gmt":"2026-01-26T08:59:13","guid":{"rendered":"https:\/\/www.masarimany.com\/accommodation\/es-un-espai-que-evoca-la-serenor-i-la-grandesa-del-mirador-natural-que-li-dona-nom\/"},"modified":"2026-01-26T10:18:30","modified_gmt":"2026-01-26T09:18:30","slug":"es-un-espai-que-evoca-la-serenor-i-la-grandesa-del-mirador-natural-que-li-dona-nom","status":"publish","type":"mphb_room_type","link":"https:\/\/www.masarimany.com\/es\/accommodation\/es-un-espai-que-evoca-la-serenor-i-la-grandesa-del-mirador-natural-que-li-dona-nom\/","title":{"rendered":"Pla d&#8217;Aiats"},"content":{"rendered":"<p>Es un espacio que evoca la serenidad y la grandeza del mirador natural que le da nombre. Inspirada en uno de los puntos m\u00e1s emblem\u00e1ticos de la zona de Collsacabra, esta estancia est\u00e1 dise\u00f1ada para ofrecer una experiencia de desconexi\u00f3n y calidez.<\/p>\n<p>&#8211; 2 camas de matrimonio (4 plazas)<\/p>\n<p><u>Para reservar esta habitaci\u00f3n se debe llamar directamente al:<\/u> <strong>+34 671 06 16 (Marc)<\/strong><\/p>\n","protected":false},"excerpt":{"rendered":"<p>Es un espacio que evoca la serenidad y la grandeza del mirador natural que le da nombre.<\/p>\n","protected":false},"featured_media":1819,"menu_order":0,"template":"","mphb_room_type_category":[],"mphb_room_type_tag":[],"mphb_room_type_facility":[103,105,104,122,119,106],"class_list":["post-4413","mphb_room_type","type-mphb_room_type","status-publish","has-post-thumbnail","hentry","mphb_room_type_facility-bano","mphb_room_type_facility-calefaccion","mphb_room_type_facility-nevera","mphb_room_type_facility-parking-es","mphb_room_type_facility-television","mphb_room_type_facility-wi-fi-es","mphb-room-type-adults-4","mphb-room-type-children-0",""],"yoast_head":"<!-- This site is optimized with the Yoast SEO plugin v23.0 - https:\/\/yoast.com\/wordpress\/plugins\/seo\/ -->\n<title>Habitaci\u00f3n Pla d&#039;Aiats Mas Arimany, Casa rural Collsacabra<\/title>\n<meta name=\"robots\" content=\"index, follow, max-snippet:-1, max-image-preview:large, max-video-preview:-1\" \/>\n<link rel=\"canonical\" href=\"https:\/\/www.masarimany.com\/es\/accommodation\/es-un-espai-que-evoca-la-serenor-i-la-grandesa-del-mirador-natural-que-li-dona-nom\/\" \/>\n<meta property=\"og:locale\" content=\"es_ES\" \/>\n<meta property=\"og:type\" content=\"article\" \/>\n<meta property=\"og:title\" content=\"Habitaci\u00f3n Pla d&#039;Aiats Mas Arimany, Casa rural Collsacabra\" \/>\n<meta property=\"og:description\" content=\"Es un espacio que evoca la serenidad y la grandeza del mirador natural que le da nombre.\" \/>\n<meta property=\"og:url\" content=\"https:\/\/www.masarimany.com\/es\/accommodation\/es-un-espai-que-evoca-la-serenor-i-la-grandesa-del-mirador-natural-que-li-dona-nom\/\" \/>\n<meta property=\"og:site_name\" content=\"Mas Arimany\" \/>\n<meta property=\"article:modified_time\" content=\"2026-01-26T09:18:30+00:00\" \/>\n<meta property=\"og:image\" content=\"https:\/\/www.masarimany.com\/wp-content\/uploads\/2024\/01\/image00010-scaled.jpeg\" \/>\n\t<meta property=\"og:image:width\" content=\"2560\" \/>\n\t<meta property=\"og:image:height\" content=\"1920\" \/>\n\t<meta property=\"og:image:type\" content=\"image\/jpeg\" \/>\n<meta name=\"twitter:card\" content=\"summary_large_image\" \/>\n<meta name=\"twitter:label1\" content=\"Tiempo de lectura\" \/>\n\t<meta name=\"twitter:data1\" content=\"1 minuto\" \/>\n<script type=\"application\/ld+json\" class=\"yoast-schema-graph\">{\"@context\":\"https:\/\/schema.org\",\"@graph\":[{\"@type\":\"WebPage\",\"@id\":\"https:\/\/www.masarimany.com\/es\/accommodation\/es-un-espai-que-evoca-la-serenor-i-la-grandesa-del-mirador-natural-que-li-dona-nom\/\",\"url\":\"https:\/\/www.masarimany.com\/es\/accommodation\/es-un-espai-que-evoca-la-serenor-i-la-grandesa-del-mirador-natural-que-li-dona-nom\/\",\"name\":\"Habitaci\u00f3n Pla d'Aiats Mas Arimany, Casa rural Collsacabra\",\"isPartOf\":{\"@id\":\"https:\/\/www.masarimany.com\/es\/#website\"},\"primaryImageOfPage\":{\"@id\":\"https:\/\/www.masarimany.com\/es\/accommodation\/es-un-espai-que-evoca-la-serenor-i-la-grandesa-del-mirador-natural-que-li-dona-nom\/#primaryimage\"},\"image\":{\"@id\":\"https:\/\/www.masarimany.com\/es\/accommodation\/es-un-espai-que-evoca-la-serenor-i-la-grandesa-del-mirador-natural-que-li-dona-nom\/#primaryimage\"},\"thumbnailUrl\":\"https:\/\/www.masarimany.com\/wp-content\/uploads\/2024\/01\/image00010-scaled.jpeg\",\"datePublished\":\"2026-01-26T08:59:13+00:00\",\"dateModified\":\"2026-01-26T09:18:30+00:00\",\"breadcrumb\":{\"@id\":\"https:\/\/www.masarimany.com\/es\/accommodation\/es-un-espai-que-evoca-la-serenor-i-la-grandesa-del-mirador-natural-que-li-dona-nom\/#breadcrumb\"},\"inLanguage\":\"es\",\"potentialAction\":[{\"@type\":\"ReadAction\",\"target\":[\"https:\/\/www.masarimany.com\/es\/accommodation\/es-un-espai-que-evoca-la-serenor-i-la-grandesa-del-mirador-natural-que-li-dona-nom\/\"]}]},{\"@type\":\"ImageObject\",\"inLanguage\":\"es\",\"@id\":\"https:\/\/www.masarimany.com\/es\/accommodation\/es-un-espai-que-evoca-la-serenor-i-la-grandesa-del-mirador-natural-que-li-dona-nom\/#primaryimage\",\"url\":\"https:\/\/www.masarimany.com\/wp-content\/uploads\/2024\/01\/image00010-scaled.jpeg\",\"contentUrl\":\"https:\/\/www.masarimany.com\/wp-content\/uploads\/2024\/01\/image00010-scaled.jpeg\",\"width\":2560,\"height\":1920},{\"@type\":\"BreadcrumbList\",\"@id\":\"https:\/\/www.masarimany.com\/es\/accommodation\/es-un-espai-que-evoca-la-serenor-i-la-grandesa-del-mirador-natural-que-li-dona-nom\/#breadcrumb\",\"itemListElement\":[{\"@type\":\"ListItem\",\"position\":1,\"name\":\"Inici\",\"item\":\"https:\/\/www.masarimany.com\/es\/\"},{\"@type\":\"ListItem\",\"position\":2,\"name\":\"Tipus d'allotjament\",\"item\":\"https:\/\/www.masarimany.com\/accommodation\/\"},{\"@type\":\"ListItem\",\"position\":3,\"name\":\"Pla d&#8217;Aiats\"}]},{\"@type\":\"WebSite\",\"@id\":\"https:\/\/www.masarimany.com\/es\/#website\",\"url\":\"https:\/\/www.masarimany.com\/es\/\",\"name\":\"Mas Arimany\",\"description\":\"Mas Arimany\",\"publisher\":{\"@id\":\"https:\/\/www.masarimany.com\/es\/#organization\"},\"potentialAction\":[{\"@type\":\"SearchAction\",\"target\":{\"@type\":\"EntryPoint\",\"urlTemplate\":\"https:\/\/www.masarimany.com\/es\/?s={search_term_string}\"},\"query-input\":\"required name=search_term_string\"}],\"inLanguage\":\"es\"},{\"@type\":\"Organization\",\"@id\":\"https:\/\/www.masarimany.com\/es\/#organization\",\"name\":\"Mas Arimany\",\"url\":\"https:\/\/www.masarimany.com\/es\/\",\"logo\":{\"@type\":\"ImageObject\",\"inLanguage\":\"es\",\"@id\":\"https:\/\/www.masarimany.com\/es\/#\/schema\/logo\/image\/\",\"url\":\"https:\/\/www.masarimany.com\/wp-content\/uploads\/2024\/01\/cropped-MAS-ARIMANY_Logo-Ok-scaled-1.jpg\",\"contentUrl\":\"https:\/\/www.masarimany.com\/wp-content\/uploads\/2024\/01\/cropped-MAS-ARIMANY_Logo-Ok-scaled-1.jpg\",\"width\":2559,\"height\":388,\"caption\":\"Mas Arimany\"},\"image\":{\"@id\":\"https:\/\/www.masarimany.com\/es\/#\/schema\/logo\/image\/\"}}]}<\/script>\n<!-- \/ Yoast SEO plugin. -->","yoast_head_json":{"title":"Habitaci\u00f3n Pla d'Aiats Mas Arimany, Casa rural Collsacabra","robots":{"index":"index","follow":"follow","max-snippet":"max-snippet:-1","max-image-preview":"max-image-preview:large","max-video-preview":"max-video-preview:-1"},"canonical":"https:\/\/www.masarimany.com\/es\/accommodation\/es-un-espai-que-evoca-la-serenor-i-la-grandesa-del-mirador-natural-que-li-dona-nom\/","og_locale":"es_ES","og_type":"article","og_title":"Habitaci\u00f3n Pla d'Aiats Mas Arimany, Casa rural Collsacabra","og_description":"Es un espacio que evoca la serenidad y la grandeza del mirador natural que le da nombre.","og_url":"https:\/\/www.masarimany.com\/es\/accommodation\/es-un-espai-que-evoca-la-serenor-i-la-grandesa-del-mirador-natural-que-li-dona-nom\/","og_site_name":"Mas Arimany","article_modified_time":"2026-01-26T09:18:30+00:00","og_image":[{"width":2560,"height":1920,"url":"https:\/\/www.masarimany.com\/wp-content\/uploads\/2024\/01\/image00010-scaled.jpeg","type":"image\/jpeg"}],"twitter_card":"summary_large_image","twitter_misc":{"Tiempo de lectura":"1 minuto"},"schema":{"@context":"https:\/\/schema.org","@graph":[{"@type":"WebPage","@id":"https:\/\/www.masarimany.com\/es\/accommodation\/es-un-espai-que-evoca-la-serenor-i-la-grandesa-del-mirador-natural-que-li-dona-nom\/","url":"https:\/\/www.masarimany.com\/es\/accommodation\/es-un-espai-que-evoca-la-serenor-i-la-grandesa-del-mirador-natural-que-li-dona-nom\/","name":"Habitaci\u00f3n Pla d'Aiats Mas Arimany, Casa rural Collsacabra","isPartOf":{"@id":"https:\/\/www.masarimany.com\/es\/#website"},"primaryImageOfPage":{"@id":"https:\/\/www.masarimany.com\/es\/accommodation\/es-un-espai-que-evoca-la-serenor-i-la-grandesa-del-mirador-natural-que-li-dona-nom\/#primaryimage"},"image":{"@id":"https:\/\/www.masarimany.com\/es\/accommodation\/es-un-espai-que-evoca-la-serenor-i-la-grandesa-del-mirador-natural-que-li-dona-nom\/#primaryimage"},"thumbnailUrl":"https:\/\/www.masarimany.com\/wp-content\/uploads\/2024\/01\/image00010-scaled.jpeg","datePublished":"2026-01-26T08:59:13+00:00","dateModified":"2026-01-26T09:18:30+00:00","breadcrumb":{"@id":"https:\/\/www.masarimany.com\/es\/accommodation\/es-un-espai-que-evoca-la-serenor-i-la-grandesa-del-mirador-natural-que-li-dona-nom\/#breadcrumb"},"inLanguage":"es","potentialAction":[{"@type":"ReadAction","target":["https:\/\/www.masarimany.com\/es\/accommodation\/es-un-espai-que-evoca-la-serenor-i-la-grandesa-del-mirador-natural-que-li-dona-nom\/"]}]},{"@type":"ImageObject","inLanguage":"es","@id":"https:\/\/www.masarimany.com\/es\/accommodation\/es-un-espai-que-evoca-la-serenor-i-la-grandesa-del-mirador-natural-que-li-dona-nom\/#primaryimage","url":"https:\/\/www.masarimany.com\/wp-content\/uploads\/2024\/01\/image00010-scaled.jpeg","contentUrl":"https:\/\/www.masarimany.com\/wp-content\/uploads\/2024\/01\/image00010-scaled.jpeg","width":2560,"height":1920},{"@type":"BreadcrumbList","@id":"https:\/\/www.masarimany.com\/es\/accommodation\/es-un-espai-que-evoca-la-serenor-i-la-grandesa-del-mirador-natural-que-li-dona-nom\/#breadcrumb","itemListElement":[{"@type":"ListItem","position":1,"name":"Inici","item":"https:\/\/www.masarimany.com\/es\/"},{"@type":"ListItem","position":2,"name":"Tipus d'allotjament","item":"https:\/\/www.masarimany.com\/accommodation\/"},{"@type":"ListItem","position":3,"name":"Pla d&#8217;Aiats"}]},{"@type":"WebSite","@id":"https:\/\/www.masarimany.com\/es\/#website","url":"https:\/\/www.masarimany.com\/es\/","name":"Mas Arimany","description":"Mas Arimany","publisher":{"@id":"https:\/\/www.masarimany.com\/es\/#organization"},"potentialAction":[{"@type":"SearchAction","target":{"@type":"EntryPoint","urlTemplate":"https:\/\/www.masarimany.com\/es\/?s={search_term_string}"},"query-input":"required name=search_term_string"}],"inLanguage":"es"},{"@type":"Organization","@id":"https:\/\/www.masarimany.com\/es\/#organization","name":"Mas Arimany","url":"https:\/\/www.masarimany.com\/es\/","logo":{"@type":"ImageObject","inLanguage":"es","@id":"https:\/\/www.masarimany.com\/es\/#\/schema\/logo\/image\/","url":"https:\/\/www.masarimany.com\/wp-content\/uploads\/2024\/01\/cropped-MAS-ARIMANY_Logo-Ok-scaled-1.jpg","contentUrl":"https:\/\/www.masarimany.com\/wp-content\/uploads\/2024\/01\/cropped-MAS-ARIMANY_Logo-Ok-scaled-1.jpg","width":2559,"height":388,"caption":"Mas Arimany"},"image":{"@id":"https:\/\/www.masarimany.com\/es\/#\/schema\/logo\/image\/"}}]}},"_links":{"self":[{"href":"https:\/\/www.masarimany.com\/es\/wp-json\/wp\/v2\/mphb_room_type\/4413","targetHints":{"allow":["GET"]}}],"collection":[{"href":"https:\/\/www.masarimany.com\/es\/wp-json\/wp\/v2\/mphb_room_type"}],"about":[{"href":"https:\/\/www.masarimany.com\/es\/wp-json\/wp\/v2\/types\/mphb_room_type"}],"wp:featuredmedia":[{"embeddable":true,"href":"https:\/\/www.masarimany.com\/es\/wp-json\/wp\/v2\/media\/1819"}],"wp:attachment":[{"href":"https:\/\/www.masarimany.com\/es\/wp-json\/wp\/v2\/media?parent=4413"}],"wp:term":[{"taxonomy":"mphb_room_type_category","embeddable":true,"href":"https:\/\/www.masarimany.com\/es\/wp-json\/wp\/v2\/mphb_room_type_category?post=4413"},{"taxonomy":"mphb_room_type_tag","embeddable":true,"href":"https:\/\/www.masarimany.com\/es\/wp-json\/wp\/v2\/mphb_room_type_tag?post=4413"},{"taxonomy":"mphb_room_type_facility","embeddable":true,"href":"https:\/\/www.masarimany.com\/es\/wp-json\/wp\/v2\/mphb_room_type_facility?post=4413"}],"curies":[{"name":"wp","href":"https:\/\/api.w.org\/{rel}","templated":true}]}}

<p>Es un espacio que evoca la serenidad y la grandeza del mirador natural que le da nombre. Inspirada en uno de los puntos más emblemáticos de la zona de Collsacabra, esta estancia está diseñada para ofrecer una experiencia de desconexión y calidez.</p>
<p>&#8211; 2 camas de matrimonio (4 plazas)</p>
<p><u>Para reservar esta habitación se debe llamar directamente al:</u> <strong>+34 671 06 16 (Marc)</strong></p>

<!-- This site is optimized with the Yoast SEO plugin v23.0 - https://yoast.com/wordpress/plugins/seo/ -->
<title>Habitación Pla d&#039;Aiats Mas Arimany, Casa rural Collsacabra</title>
<meta name="robots" content="index, follow, max-snippet:-1, max-image-preview:large, max-video-preview:-1" />
<link rel="canonical" href="https://www.masarimany.com/es/accommodation/es-un-espai-que-evoca-la-serenor-i-la-grandesa-del-mirador-natural-que-li-dona-nom/" />
<meta property="og:locale" content="es_ES" />
<meta property="og:type" content="article" />
<meta property="og:title" content="Habitación Pla d&#039;Aiats Mas Arimany, Casa rural Collsacabra" />
<meta property="og:description" content="Es un espacio que evoca la serenidad y la grandeza del mirador natural que le da nombre." />
<meta property="og:url" content="https://www.masarimany.com/es/accommodation/es-un-espai-que-evoca-la-serenor-i-la-grandesa-del-mirador-natural-que-li-dona-nom/" />
<meta property="og:site_name" content="Mas Arimany" />
<meta property="article:modified_time" content="2026-01-26T09:18:30+00:00" />
<meta property="og:image" content="https://www.masarimany.com/wp-content/uploads/2024/01/image00010-scaled.jpeg" />
	<meta property="og:image:width" content="2560" />
	<meta property="og:image:height" content="1920" />
	<meta property="og:image:type" content="image/jpeg" />
<meta name="twitter:card" content="summary_large_image" />
<meta name="twitter:label1" content="Tiempo de lectura" />
	<meta name="twitter:data1" content="1 minuto" />
<script type="application/ld+json" class="yoast-schema-graph">{"@context":"https://schema.org","@graph":[{"@type":"WebPage","@id":"https://www.masarimany.com/es/accommodation/es-un-espai-que-evoca-la-serenor-i-la-grandesa-del-mirador-natural-que-li-dona-nom/","url":"https://www.masarimany.com/es/accommodation/es-un-espai-que-evoca-la-serenor-i-la-grandesa-del-mirador-natural-que-li-dona-nom/","name":"Habitación Pla d'Aiats Mas Arimany, Casa rural Collsacabra","isPartOf":{"@id":"https://www.masarimany.com/es/#website"},"primaryImageOfPage":{"@id":"https://www.masarimany.com/es/accommodation/es-un-espai-que-evoca-la-serenor-i-la-grandesa-del-mirador-natural-que-li-dona-nom/#primaryimage"},"image":{"@id":"https://www.masarimany.com/es/accommodation/es-un-espai-que-evoca-la-serenor-i-la-grandesa-del-mirador-natural-que-li-dona-nom/#primaryimage"},"thumbnailUrl":"https://www.masarimany.com/wp-content/uploads/2024/01/image00010-scaled.jpeg","datePublished":"2026-01-26T08:59:13+00:00","dateModified":"2026-01-26T09:18:30+00:00","breadcrumb":{"@id":"https://www.masarimany.com/es/accommodation/es-un-espai-que-evoca-la-serenor-i-la-grandesa-del-mirador-natural-que-li-dona-nom/#breadcrumb"},"inLanguage":"es","potentialAction":[{"@type":"ReadAction","target":["https://www.masarimany.com/es/accommodation/es-un-espai-que-evoca-la-serenor-i-la-grandesa-del-mirador-natural-que-li-dona-nom/"]}]},{"@type":"ImageObject","inLanguage":"es","@id":"https://www.masarimany.com/es/accommodation/es-un-espai-que-evoca-la-serenor-i-la-grandesa-del-mirador-natural-que-li-dona-nom/#primaryimage","url":"https://www.masarimany.com/wp-content/uploads/2024/01/image00010-scaled.jpeg","contentUrl":"https://www.masarimany.com/wp-content/uploads/2024/01/image00010-scaled.jpeg","width":2560,"height":1920},{"@type":"BreadcrumbList","@id":"https://www.masarimany.com/es/accommodation/es-un-espai-que-evoca-la-serenor-i-la-grandesa-del-mirador-natural-que-li-dona-nom/#breadcrumb","itemListElement":[{"@type":"ListItem","position":1,"name":"Inici","item":"https://www.masarimany.com/es/"},{"@type":"ListItem","position":2,"name":"Tipus d'allotjament","item":"https://www.masarimany.com/accommodation/"},{"@type":"ListItem","position":3,"name":"Pla d&#8217;Aiats"}]},{"@type":"WebSite","@id":"https://www.masarimany.com/es/#website","url":"https://www.masarimany.com/es/","name":"Mas Arimany","description":"Mas Arimany","publisher":{"@id":"https://www.masarimany.com/es/#organization"},"potentialAction":[{"@type":"SearchAction","target":{"@type":"EntryPoint","urlTemplate":"https://www.masarimany.com/es/?s={search_term_string}"},"query-input":"required name=search_term_string"}],"inLanguage":"es"},{"@type":"Organization","@id":"https://www.masarimany.com/es/#organization","name":"Mas Arimany","url":"https://www.masarimany.com/es/","logo":{"@type":"ImageObject","inLanguage":"es","@id":"https://www.masarimany.com/es/#/schema/logo/image/","url":"https://www.masarimany.com/wp-content/uploads/2024/01/cropped-MAS-ARIMANY_Logo-Ok-scaled-1.jpg","contentUrl":"https://www.masarimany.com/wp-content/uploads/2024/01/cropped-MAS-ARIMANY_Logo-Ok-scaled-1.jpg","width":2559,"height":388,"caption":"Mas Arimany"},"image":{"@id":"https://www.masarimany.com/es/#/schema/logo/image/"}}]}</script>
<!-- / Yoast SEO plugin. -->

Habitación Pla d'Aiats Mas Arimany, Casa rural Collsacabra
